{"id":1150,"date":"2024-02-27T16:24:20","date_gmt":"2024-02-27T14:24:20","guid":{"rendered":"http:\/\/www.turunua.net\/site\/?page_id=1150"},"modified":"2026-02-05T14:16:55","modified_gmt":"2026-02-05T12:16:55","slug":"tua-kilta","status":"publish","type":"page","link":"https:\/\/www.turunua.net\/site\/tua-kilta\/","title":{"rendered":"TUA Kilta"},"content":{"rendered":"<p><img loading=\"lazy\" decoding=\"async\" class=\"alignleft wp-image-1153\" src=\"https:\/\/www.turunua.net\/site\/wp-content\/uploads\/2024\/02\/tua_kilta_logo-721x1024.png\" alt=\"\" width=\"181\" height=\"254\" \/><\/p>\n<p>&nbsp;<\/p>\n<p>&nbsp;<\/p>\n<p>&nbsp;<\/p>\n<p>&nbsp;<\/p>\n<p>&nbsp;<\/p>\n<p>&nbsp;<\/p>\n<p>&nbsp;<\/p>\n<p><strong>P\u00e4ivitetty\u00e4 tietoa Mobilia-vierailusta<\/strong><\/p>\n<p>Vuoden ensimm\u00e4inen yhteinen retkemme suuntaa Kangasalle <strong>Mobilia-rallimuseoon perjantaina 27.2.2026<\/strong>. Luvassa on ainutlaatuinen p\u00e4iv\u00e4 rallin historian ja harvinaisten autojen parissa.<\/p>\n<p>Turun UA tarjoaa j\u00e4senilleen bussimatkan, ja mukaan mahtuu 50 ensimm\u00e4ist\u00e4 ilmoittautunutta.<\/p>\n<p><strong>P\u00e4iv\u00e4n kohokohdat:<\/strong><br \/>\nErikoisopastus: Oppaanamme toimii Lada-legenda Timo Niemi (PR-Racing). H\u00e4n avaa meille ovet tiloihin, joihin yleis\u00f6 ei normaalisti p\u00e4\u00e4se!<br \/>\nN\u00e4ht\u00e4v\u00e4\u00e4: Ralliautojen harvinaisuudet, Rally Hall of Fame, Flying Finn -n\u00e4yttely sek\u00e4 veteraanimoottoripy\u00f6r\u00e4t.<br \/>\nKokoelmat: Satoja yksityisomisteisia autoja ja upeaa autourheiluesineist\u00f6\u00e4.<\/p>\n<p><strong>Matkan tiedot:<\/strong><br \/>\nAika: Perjantai 27.2.2026<br \/>\nL\u00e4ht\u00f6: Klo 08.00 Kauppakeskus Myllyn it\u00e4p\u00e4\u00e4st\u00e4.<br \/>\nPaluu: Noin klo 18.00 samaan paikkaan.<br \/>\nHinta:<br \/>\nSeuran j\u00e4senet: 30 \u20ac<br \/>\nUlkopuoliset: 50 \u20ac<br \/>\n(Hinta sis\u00e4lt\u00e4\u00e4 bussikuljetuksen, p\u00e4\u00e4syliput, lounaan ja kahvit)<\/p>\n<p><strong>Ilmoittautuminen:<\/strong><br \/>\nVaraa paikkasi viimeist\u00e4\u00e4n 16.2. menness\u00e4 s\u00e4hk\u00f6postitse osoitteeseen: <a href=\"mailto:veijo.peramaki@imp.fi\">veijo.peramaki@imp.fi<\/a><\/p>\n<p>L\u00e4het\u00e4mme ilmoittautuneille viel\u00e4 tarkempaa tietoa matkasta l\u00e4hemp\u00e4n\u00e4 ajankohtaa. Tiedustelut: Ari Koskinen, puh. 050 561 9145<\/p>\n<p>Tervetuloa mukaan!<\/p>\n<p>Yst\u00e4v\u00e4llisin terveisin, TUA Kilta &amp; Turun UA<\/p>\n<hr \/>\n<p><strong>Hyv\u00e4\u00e4 alkanutta vuotta kaikille Kiltalaisille. <\/strong><\/p>\n<p>Vuoden ensimm\u00e4inen yhteinen juttumme on matka Kangasalan <strong>MOBILIA-RALLIMUSEOON<\/strong> perjantaina 27.02.2026.<br \/>\nL\u00e4ht\u00f6 Kauppakeskus Myllyn it\u00e4p\u00e4\u00e4st\u00e4 klo 08.00 ja paluu samaan paikkaan n. klo 18.00.<\/p>\n<p>Rallimuseossa n\u00e4et ainutlaatuisen ralliautokokoelman,<br \/>\nRALLY HALL OF FAME (RALLIT\u00c4HTIEN KUNNIAGALLERIA),<br \/>\nFlying Finn, veteraanimoottoripy\u00f6r\u00e4t<\/p>\n<p>Meill\u00e4 on oppaana Lada-legenda Timo Niemi PR-Racing. H\u00e4n avaa meille ovet tiloihin mihin yleis\u00f6 ei normaalisti p\u00e4\u00e4se. Satoja yksityisten omistamia autoja ja autourheiluesineist\u00f6\u00e4.<\/p>\n<p>Matkan teemme yhteisell\u00e4 bussilla ja mik\u00e4li meit\u00e4 on n 20 henk. kuljetuksen hinta on n. 40 \u20ac.<br \/>\nBussimatkalla on tietokilpailu ja Pepen hurjia juttuja.<\/p>\n<p>Ilmoittaudu 16.02 menness\u00e4 s\u00e4hk\u00f6postilla <a class=\"moz-txt-link-abbreviated\" href=\"mailto:veijo.peramaki@imp.fi\">veijo.peramaki@imp.fi<\/a><br \/>\nIlmoittauneille l\u00e4het\u00e4mme viel\u00e4 tarkempaa tietoa matkasta.<br \/>\nTiedustelut Ari Koskinen 050 5619145<\/p>\n<p>Reissulla tavataan !<\/p>\n<hr \/>\n<p><strong>Syyslukukausi on alkanut ja Killan ensimm\u00e4inen reissu on tutustuminen<\/strong><\/p>\n<p>Sandvik Mining and Construction Oy:n toimintaan ja tuotteisiin Runosm\u00e4ess\u00e4 tiistaina 14.10.2025 klo 11:30, osoite Vahdontie 19 Turku.<br \/>\nKokoontuminen tehtaan portille.<\/p>\n<p>Tehtaan operatiivinen johtaja Olli Helppi esittelee tehtaan tuotantoa ja<br \/>\nmaailman ykk\u00f6stuotteita.<\/p>\n<p>Vierailuryhm\u00e4\u00e4n mahtuu 20 kiltalaista, ilmoittautuminen Puttelle 07.10.2025<br \/>\nmenness\u00e4, osoitteeseen siis <a class=\"moz-txt-link-abbreviated\" href=\"mailto:veijo.peramaki@imp.fi\">veijo.peramaki@imp.fi<\/a><\/p>\n<p>TERVETULOA NOPEIMMILLE<\/p>\n<hr \/>\n<h1>Maaliskuun Kiltatapahtuma j\u00e4rjestet\u00e4\u00e4n yritysvierailulla kuten alla kerrottu.<\/h1>\n<p>PAIKKA: AUTO BASSADONE OY, \u00a0KUNINKOJANKAARI 17, 20320 TURKU<br \/>\nAIKA:\u00a0 12.03.2025 klo 17.30<\/p>\n<p>Iltamme is\u00e4nt\u00e4n\u00e4 toimii aluejohtaja MIKKO RANTAKARE, joka esittelee yhti\u00f6n toimitiloja, kertoo t\u00e4m\u00e4n monikansallisen yhti\u00f6n toiminnasta, laajasta monimerkkivalikoimasta ja t\u00e4ysin uudenlaisesta automyynnin liiketoimintamallista.<\/p>\n<p>Paikalle saamme my\u00f6s JAAKKO &#8221;Jassu&#8221; MARKULAN, joka tulee kertomaan urastaan ALFA ROMEO kuljettajana 1970 luvun alkuvuosina.<br \/>\nJassun saavutuksina on 17 SM-mitalia radalla, j\u00e4\u00e4radalla ja ralleissa.<\/p>\n<p>Tilaisuuteen tulee ilmoittautua etuk\u00e4teen ja SITOVASTI viimeist\u00e4\u00e4n 05.03.2025 s\u00e4hk\u00f6postiosoitteeseen <a class=\"moz-txt-link-abbreviated\" href=\"mailto:veijo.peramaki@imp.fi\">veijo.peramaki@imp.fi<\/a><\/p>\n<p>Tapahtumaan liityen voitte kysy\u00e4 puhelinnumerosta 0400 226169<\/p>\n<hr \/>\n<h1>TUTUSTUMINEN UUDENKAUPUNGIN AUTOMUSEOON 06.11.2024<\/h1>\n<p>Uudenkaupungin automuseossa on yli 130 autoa, historiaa autotehtaasta, mopoja\u00a0ym. Ilkka Ruohonen\u00a0 opastaa meid\u00e4t museon saloihin.<br \/>\nKokoonnumme porukalla Raisioon kauppakeskus Myllyn yl\u00e4tasanteelle\u00a006.11. klo 13.00, josta voimme jatkaa kimppakyydill\u00e4.<br \/>\nP\u00e4\u00e4symaksu museoon ja opastus maksavat 14 \u20ac, ilmoittaudu\u00a0museoreissulle: s\u00e4hk\u00f6posti: <a href=\"mailto:pertti.laaksonen47@gmail.com\">pertti.laaksonen47@gmail.com<\/a> 31.10.2024 menness\u00e4, kerro my\u00f6s tuletko Raisioon tai suoraan museolle.<\/p>\n<div>\n<hr \/>\n<h1>Tutustuminen Keskusautohalliin 9.10.2024<\/h1>\n<p>Tutustuminen Keskusautohalliin keskiviikkona 9.10 klo 18:00, osoitteessa Rieskal\u00e4hteentie 75, 20300 Turku. Tule tutustumaan uusimpiin automalleihin ja samalla kuulemme lis\u00e4\u00e4 nykyp\u00e4iv\u00e4n s\u00e4hk\u00f6autoista. Kahvitarjoilu.<\/p>\n<p>T\u00e4m\u00e4 on TUA:n hallituksen j\u00e4rjest\u00e4m\u00e4 vierailu, ilmoittautumiset mukaan tulosta 03.10.2024 menness\u00e4 s\u00e4hk\u00f6postilla <a href=\"mailto:ari.koskinen.turku@gmail.com\">ari.koskinen.turku@gmail.com<\/a><\/p>\n<hr \/>\n<p>Seuraava TUA:n Killan tapaaminen on <strong>maanantaina 04.03.2024 klo 18.00<\/strong><\/p>\n<p>Tutustumme ainutlaatuiseen\u00a0<strong>Sauli Laihisen kartingmuseoon Liedossa.<\/strong><\/p>\n<p>Saulilla on esill\u00e4 mahtava kokoelma karting- autoja ja niihin liittyvi\u00e4 tarvikkeita ja alan historiaa.<\/p>\n<p>T\u00e4ss\u00e4 museosta pari kuvaa, joissa toisessa on tunnettu kuski, joka muuten osallistui TUA:n j\u00e4rjest\u00e4m\u00e4\u00e4n Alastaron avajaiskisaan 1990.<\/p>\n<p><img loading=\"lazy\" decoding=\"async\" class=\"alignleft size-large wp-image-1154\" src=\"https:\/\/www.turunua.net\/site\/wp-content\/uploads\/2024\/02\/Mika-Salo-Karting-768x1024.jpg\" alt=\"\" width=\"584\" height=\"779\" srcset=\"https:\/\/www.turunua.net\/site\/wp-content\/uploads\/2024\/02\/Mika-Salo-Karting-768x1024.jpg 768w, https:\/\/www.turunua.net\/site\/wp-content\/uploads\/2024\/02\/Mika-Salo-Karting-225x300.jpg 225w, https:\/\/www.turunua.net\/site\/wp-content\/uploads\/2024\/02\/Mika-Salo-Karting-1152x1536.jpg 1152w, https:\/\/www.turunua.net\/site\/wp-content\/uploads\/2024\/02\/Mika-Salo-Karting.jpg 1500w\" sizes=\"auto, (max-width: 584px) 100vw, 584px\" \/> <img loading=\"lazy\" decoding=\"async\" class=\"alignleft size-large wp-image-1155\" src=\"https:\/\/www.turunua.net\/site\/wp-content\/uploads\/2024\/02\/Sauli-Laihinen-Karting-museum-1024x368.jpg\" alt=\"\" width=\"584\" height=\"210\" srcset=\"https:\/\/www.turunua.net\/site\/wp-content\/uploads\/2024\/02\/Sauli-Laihinen-Karting-museum-1024x368.jpg 1024w, https:\/\/www.turunua.net\/site\/wp-content\/uploads\/2024\/02\/Sauli-Laihinen-Karting-museum-300x108.jpg 300w, https:\/\/www.turunua.net\/site\/wp-content\/uploads\/2024\/02\/Sauli-Laihinen-Karting-museum-768x276.jpg 768w, https:\/\/www.turunua.net\/site\/wp-content\/uploads\/2024\/02\/Sauli-Laihinen-Karting-museum-1536x551.jpg 1536w, https:\/\/www.turunua.net\/site\/wp-content\/uploads\/2024\/02\/Sauli-Laihinen-Karting-museum-500x179.jpg 500w, https:\/\/www.turunua.net\/site\/wp-content\/uploads\/2024\/02\/Sauli-Laihinen-Karting-museum.jpg 2048w\" sizes=\"auto, (max-width: 584px) 100vw, 584px\" \/><\/p>\n<p>Saulin museo sijaitsee Liedossa, Kestontiell\u00e4, ajo-ohje Raukkalantiet\u00e4 500 m ja Kestontiet\u00e4 pitkin talon pihaan. Laitamme viel\u00e4 viitoituksen.<\/p>\n<p>T\u00e4m\u00e4 on privattitilaisuus, jossa perit\u00e4\u00e4n vapaaehtoinen 10 \u20ac:n kahvikolehti.<\/p>\n<p>Ottakaa samanhenkisi\u00e4 kavereita mukaan, mutta ilmoittakaa mielell\u00e4\u00e4n tulostanne s\u00e4hk\u00f6postilla <a href=\"mailto:pertti.laaksonen47@gmail.com\">pertti.laaksonen47@gmail.com<\/a><\/p>\n<\/div>\n","protected":false},"excerpt":{"rendered":"<p>&nbsp; &nbsp; &nbsp; &nbsp; &nbsp; &nbsp; &nbsp; P\u00e4ivitetty\u00e4 tietoa Mobilia-vierailusta Vuoden ensimm\u00e4inen yhteinen retkemme suuntaa Kangasalle Mobilia-rallimuseoon perjantaina 27.2.2026. Luvassa on ainutlaatuinen p\u00e4iv\u00e4 rallin historian ja harvinaisten autojen parissa. Turun UA tarjoaa j\u00e4senilleen bussimatkan, ja mukaan mahtuu 50 ensimm\u00e4ist\u00e4 ilmoittautunutta. &hellip; <a href=\"https:\/\/www.turunua.net\/site\/tua-kilta\/\">Lue loppuun <span class=\"meta-nav\">&rarr;<\/span><\/a><\/p>\n","protected":false},"author":4,"featured_media":0,"parent":0,"menu_order":0,"comment_status":"closed","ping_status":"closed","template":"","meta":{"footnotes":""},"class_list":["post-1150","page","type-page","status-publish","hentry"],"yoast_head":"<!-- This site is optimized with the Yoast SEO plugin v27.5 - https:\/\/yoast.com\/product\/yoast-seo-wordpress\/ -->\n<title>TUA Kilta - Turun Urheiluautoilijat ry<\/title>\n<meta name=\"robots\" content=\"index, follow, max-snippet:-1, max-image-preview:large, max-video-preview:-1\" \/>\n<link rel=\"canonical\" href=\"https:\/\/www.turunua.net\/site\/tua-kilta\/\" \/>\n<meta property=\"og:locale\" content=\"fi_FI\" \/>\n<meta property=\"og:type\" content=\"article\" \/>\n<meta property=\"og:title\" content=\"TUA Kilta - Turun Urheiluautoilijat ry\" \/>\n<meta property=\"og:description\" content=\"&nbsp; &nbsp; &nbsp; &nbsp; &nbsp; &nbsp; &nbsp; P\u00e4ivitetty\u00e4 tietoa Mobilia-vierailusta Vuoden ensimm\u00e4inen yhteinen retkemme suuntaa Kangasalle Mobilia-rallimuseoon perjantaina 27.2.2026. Luvassa on ainutlaatuinen p\u00e4iv\u00e4 rallin historian ja harvinaisten autojen parissa. Turun UA tarjoaa j\u00e4senilleen bussimatkan, ja mukaan mahtuu 50 ensimm\u00e4ist\u00e4 ilmoittautunutta. &hellip; Lue loppuun &rarr;\" \/>\n<meta property=\"og:url\" content=\"https:\/\/www.turunua.net\/site\/tua-kilta\/\" \/>\n<meta property=\"og:site_name\" content=\"Turun Urheiluautoilijat ry\" \/>\n<meta property=\"article:modified_time\" content=\"2026-02-05T12:16:55+00:00\" \/>\n<meta property=\"og:image\" content=\"http:\/\/www.turunua.net\/site\/wp-content\/uploads\/2024\/02\/tua_kilta_logo-721x1024.png\" \/>\n<meta name=\"twitter:card\" content=\"summary_large_image\" \/>\n<meta name=\"twitter:label1\" content=\"Arvioitu lukuaika\" \/>\n\t<meta name=\"twitter:data1\" content=\"5 minuuttia\" \/>\n<script type=\"application\/ld+json\" class=\"yoast-schema-graph\">{\"@context\":\"https:\\\/\\\/schema.org\",\"@graph\":[{\"@type\":\"WebPage\",\"@id\":\"https:\\\/\\\/www.turunua.net\\\/site\\\/tua-kilta\\\/\",\"url\":\"https:\\\/\\\/www.turunua.net\\\/site\\\/tua-kilta\\\/\",\"name\":\"TUA Kilta - Turun Urheiluautoilijat ry\",\"isPartOf\":{\"@id\":\"https:\\\/\\\/www.turunua.net\\\/site\\\/#website\"},\"primaryImageOfPage\":{\"@id\":\"https:\\\/\\\/www.turunua.net\\\/site\\\/tua-kilta\\\/#primaryimage\"},\"image\":{\"@id\":\"https:\\\/\\\/www.turunua.net\\\/site\\\/tua-kilta\\\/#primaryimage\"},\"thumbnailUrl\":\"http:\\\/\\\/www.turunua.net\\\/site\\\/wp-content\\\/uploads\\\/2024\\\/02\\\/tua_kilta_logo-721x1024.png\",\"datePublished\":\"2024-02-27T14:24:20+00:00\",\"dateModified\":\"2026-02-05T12:16:55+00:00\",\"breadcrumb\":{\"@id\":\"https:\\\/\\\/www.turunua.net\\\/site\\\/tua-kilta\\\/#breadcrumb\"},\"inLanguage\":\"fi\",\"potentialAction\":[{\"@type\":\"ReadAction\",\"target\":[\"https:\\\/\\\/www.turunua.net\\\/site\\\/tua-kilta\\\/\"]}]},{\"@type\":\"ImageObject\",\"inLanguage\":\"fi\",\"@id\":\"https:\\\/\\\/www.turunua.net\\\/site\\\/tua-kilta\\\/#primaryimage\",\"url\":\"http:\\\/\\\/www.turunua.net\\\/site\\\/wp-content\\\/uploads\\\/2024\\\/02\\\/tua_kilta_logo-721x1024.png\",\"contentUrl\":\"http:\\\/\\\/www.turunua.net\\\/site\\\/wp-content\\\/uploads\\\/2024\\\/02\\\/tua_kilta_logo-721x1024.png\"},{\"@type\":\"BreadcrumbList\",\"@id\":\"https:\\\/\\\/www.turunua.net\\\/site\\\/tua-kilta\\\/#breadcrumb\",\"itemListElement\":[{\"@type\":\"ListItem\",\"position\":1,\"name\":\"Etusivu\",\"item\":\"https:\\\/\\\/www.turunua.net\\\/site\\\/\"},{\"@type\":\"ListItem\",\"position\":2,\"name\":\"TUA Kilta\"}]},{\"@type\":\"WebSite\",\"@id\":\"https:\\\/\\\/www.turunua.net\\\/site\\\/#website\",\"url\":\"https:\\\/\\\/www.turunua.net\\\/site\\\/\",\"name\":\"Turun Urheiluautoilijat ry\",\"description\":\"\",\"potentialAction\":[{\"@type\":\"SearchAction\",\"target\":{\"@type\":\"EntryPoint\",\"urlTemplate\":\"https:\\\/\\\/www.turunua.net\\\/site\\\/?s={search_term_string}\"},\"query-input\":{\"@type\":\"PropertyValueSpecification\",\"valueRequired\":true,\"valueName\":\"search_term_string\"}}],\"inLanguage\":\"fi\"}]}<\/script>\n<!-- \/ Yoast SEO plugin. -->","yoast_head_json":{"title":"TUA Kilta - Turun Urheiluautoilijat ry","robots":{"index":"index","follow":"follow","max-snippet":"max-snippet:-1","max-image-preview":"max-image-preview:large","max-video-preview":"max-video-preview:-1"},"canonical":"https:\/\/www.turunua.net\/site\/tua-kilta\/","og_locale":"fi_FI","og_type":"article","og_title":"TUA Kilta - Turun Urheiluautoilijat ry","og_description":"&nbsp; &nbsp; &nbsp; &nbsp; &nbsp; &nbsp; &nbsp; P\u00e4ivitetty\u00e4 tietoa Mobilia-vierailusta Vuoden ensimm\u00e4inen yhteinen retkemme suuntaa Kangasalle Mobilia-rallimuseoon perjantaina 27.2.2026. Luvassa on ainutlaatuinen p\u00e4iv\u00e4 rallin historian ja harvinaisten autojen parissa. Turun UA tarjoaa j\u00e4senilleen bussimatkan, ja mukaan mahtuu 50 ensimm\u00e4ist\u00e4 ilmoittautunutta. &hellip; Lue loppuun &rarr;","og_url":"https:\/\/www.turunua.net\/site\/tua-kilta\/","og_site_name":"Turun Urheiluautoilijat ry","article_modified_time":"2026-02-05T12:16:55+00:00","og_image":[{"url":"http:\/\/www.turunua.net\/site\/wp-content\/uploads\/2024\/02\/tua_kilta_logo-721x1024.png","type":"","width":"","height":""}],"twitter_card":"summary_large_image","twitter_misc":{"Arvioitu lukuaika":"5 minuuttia"},"schema":{"@context":"https:\/\/schema.org","@graph":[{"@type":"WebPage","@id":"https:\/\/www.turunua.net\/site\/tua-kilta\/","url":"https:\/\/www.turunua.net\/site\/tua-kilta\/","name":"TUA Kilta - Turun Urheiluautoilijat ry","isPartOf":{"@id":"https:\/\/www.turunua.net\/site\/#website"},"primaryImageOfPage":{"@id":"https:\/\/www.turunua.net\/site\/tua-kilta\/#primaryimage"},"image":{"@id":"https:\/\/www.turunua.net\/site\/tua-kilta\/#primaryimage"},"thumbnailUrl":"http:\/\/www.turunua.net\/site\/wp-content\/uploads\/2024\/02\/tua_kilta_logo-721x1024.png","datePublished":"2024-02-27T14:24:20+00:00","dateModified":"2026-02-05T12:16:55+00:00","breadcrumb":{"@id":"https:\/\/www.turunua.net\/site\/tua-kilta\/#breadcrumb"},"inLanguage":"fi","potentialAction":[{"@type":"ReadAction","target":["https:\/\/www.turunua.net\/site\/tua-kilta\/"]}]},{"@type":"ImageObject","inLanguage":"fi","@id":"https:\/\/www.turunua.net\/site\/tua-kilta\/#primaryimage","url":"http:\/\/www.turunua.net\/site\/wp-content\/uploads\/2024\/02\/tua_kilta_logo-721x1024.png","contentUrl":"http:\/\/www.turunua.net\/site\/wp-content\/uploads\/2024\/02\/tua_kilta_logo-721x1024.png"},{"@type":"BreadcrumbList","@id":"https:\/\/www.turunua.net\/site\/tua-kilta\/#breadcrumb","itemListElement":[{"@type":"ListItem","position":1,"name":"Etusivu","item":"https:\/\/www.turunua.net\/site\/"},{"@type":"ListItem","position":2,"name":"TUA Kilta"}]},{"@type":"WebSite","@id":"https:\/\/www.turunua.net\/site\/#website","url":"https:\/\/www.turunua.net\/site\/","name":"Turun Urheiluautoilijat ry","description":"","potentialAction":[{"@type":"SearchAction","target":{"@type":"EntryPoint","urlTemplate":"https:\/\/www.turunua.net\/site\/?s={search_term_string}"},"query-input":{"@type":"PropertyValueSpecification","valueRequired":true,"valueName":"search_term_string"}}],"inLanguage":"fi"}]}},"_links":{"self":[{"href":"https:\/\/www.turunua.net\/site\/wp-json\/wp\/v2\/pages\/1150","targetHints":{"allow":["GET"]}}],"collection":[{"href":"https:\/\/www.turunua.net\/site\/wp-json\/wp\/v2\/pages"}],"about":[{"href":"https:\/\/www.turunua.net\/site\/wp-json\/wp\/v2\/types\/page"}],"author":[{"embeddable":true,"href":"https:\/\/www.turunua.net\/site\/wp-json\/wp\/v2\/users\/4"}],"replies":[{"embeddable":true,"href":"https:\/\/www.turunua.net\/site\/wp-json\/wp\/v2\/comments?post=1150"}],"version-history":[{"count":19,"href":"https:\/\/www.turunua.net\/site\/wp-json\/wp\/v2\/pages\/1150\/revisions"}],"predecessor-version":[{"id":2017,"href":"https:\/\/www.turunua.net\/site\/wp-json\/wp\/v2\/pages\/1150\/revisions\/2017"}],"wp:attachment":[{"href":"https:\/\/www.turunua.net\/site\/wp-json\/wp\/v2\/media?parent=1150"}],"curies":[{"name":"wp","href":"https:\/\/api.w.org\/{rel}","templated":true}]}}