{"id":147,"date":"2020-12-09T11:58:48","date_gmt":"2020-12-09T09:58:48","guid":{"rendered":"http:\/\/www.turunua.net\/site\/?page_id=147"},"modified":"2025-03-25T16:36:28","modified_gmt":"2025-03-25T14:36:28","slug":"pienoisautoilu","status":"publish","type":"page","link":"https:\/\/www.turunua.net\/site\/pienoisautoilu\/","title":{"rendered":"Pienoisautoilu"},"content":{"rendered":"<p><strong>Turun Urheiluautoilijoiden Pienoisautoilurata<\/strong><\/p>\n<p><img loading=\"lazy\" decoding=\"async\" class=\"alignnone wp-image-1625 size-full\" src=\"https:\/\/www.turunua.net\/site\/wp-content\/uploads\/2025\/03\/rata_jyrkkala.jpg\" alt=\"\" width=\"1473\" height=\"671\" srcset=\"https:\/\/www.turunua.net\/site\/wp-content\/uploads\/2025\/03\/rata_jyrkkala.jpg 1473w, https:\/\/www.turunua.net\/site\/wp-content\/uploads\/2025\/03\/rata_jyrkkala-300x137.jpg 300w, https:\/\/www.turunua.net\/site\/wp-content\/uploads\/2025\/03\/rata_jyrkkala-1024x466.jpg 1024w, https:\/\/www.turunua.net\/site\/wp-content\/uploads\/2025\/03\/rata_jyrkkala-768x350.jpg 768w, https:\/\/www.turunua.net\/site\/wp-content\/uploads\/2025\/03\/rata_jyrkkala-500x228.jpg 500w\" sizes=\"auto, (max-width: 1473px) 100vw, 1473px\" \/><\/p>\n<p>Turun Urheiluautoilijoilla on oma pienoisautoilurata, joka sijaitsee Turussa Jyrkk\u00e4l\u00e4ss\u00e4 osoitteessa Nuorisotalonkuja 1. Rata on suunniteltu ensisijaisesti 1\/8-kokoluokan autoille, mutta my\u00f6s 1\/10-kokoluokan autot ovat tervetulleita. Ratavarikolla on paineilmalaitteisto sek\u00e4 akkujen lataamiseen tarvittava s\u00e4hk\u00f6j\u00e4rjestelm\u00e4. Oma varikkop\u00f6yt\u00e4 kannattaa ottaa varuiksi mukaan, sill\u00e4 varikolla on tilaa rajoitetusti.<\/p>\n<p>Jyrkk\u00e4l\u00e4n ajokausi on useimmiten toukokuusta syyskuuhun asti. Kokoonnumme kerhoiltaan ajokaudella joka tiistai (s\u00e4\u00e4varauksella) klo 18-20. Mik\u00e4li olet lajiin tutustuja tai aloittelija, suosittelemme toimintaan tutustumista kerhoiltojen kautta. Meill\u00e4 on my\u00f6s ajokokeiluun tarkoitettuja kerhon omia autoja. Aloittelijat voivat tutustua rataan kolme kertaa ilmaiseksi.<\/p>\n<p>Nykyisen radan viereen on tulossa 1\/10-kokoluokan autoille tarkoitettu rata, jonka rakentaminen on jo aloitettu. Pyrimme siihen, ett\u00e4 rata olisi ajettavissa kauden 2025 aikana.<\/p>\n<p style=\"text-align: center;\"><strong><u>AUKIOLOAJAT<\/u><\/strong><\/p>\n<p style=\"text-align: center;\">Arkisin ja viikonloppuisin klo 9-21<br \/>\nKerhoilta joka tiistai (s\u00e4\u00e4varauksella) klo 18-20<\/p>\n<p style=\"text-align: center;\"><strong><u>RATAMAKSUT<\/u><\/strong><\/p>\n<p style=\"text-align: center;\">J\u00e4senet: 10 \u20ac \/ p\u00e4iv\u00e4 tai 100 \u20ac \/ kausi<br \/>\nMuut: 20 \u20ac \/ p\u00e4iv\u00e4 tai 200 \u20ac \/ kausi<\/p>\n<p style=\"text-align: center;\">Aloittelijat voivat tutustua rataan kolme kertaa ilmaiseksi.<\/p>\n<p style=\"text-align: center;\">Ratamaksun voit suorittaa joko MobilePaylla (lyhytnumero 22911) tai tilisiirtona TUA:n tilille.<\/p>\n<p style=\"text-align: center;\">Tilinumero: FI81 4713 0010 0443 78<br \/>\nSaaja: Turun Urheiluautoilijat Ry<br \/>\nViestikentt\u00e4\u00e4n: Jyrkk\u00e4l\u00e4n ratamaksu \/ Oma nimi<\/p>\n<p><img loading=\"lazy\" decoding=\"async\" class=\"size-medium wp-image-1627 aligncenter\" src=\"https:\/\/www.turunua.net\/site\/wp-content\/uploads\/2025\/03\/QR_ratamaksu-273x300.png\" alt=\"\" width=\"273\" height=\"300\" srcset=\"https:\/\/www.turunua.net\/site\/wp-content\/uploads\/2025\/03\/QR_ratamaksu-273x300.png 273w, https:\/\/www.turunua.net\/site\/wp-content\/uploads\/2025\/03\/QR_ratamaksu.png 276w\" sizes=\"auto, (max-width: 273px) 100vw, 273px\" \/><\/p>\n<p style=\"text-align: center;\"><strong><u>AJAJAKOROKE, PAINEILMA JA S\u00c4HK\u00d6<\/u><\/strong><\/p>\n<p style=\"text-align: center;\">Ajajakoroke on lukittu, mutta ratamaksun yhteydess\u00e4 saat koodin avaimen sis\u00e4lt\u00e4m\u00e4\u00e4n avainlaatikkoon. MobilePay:lla maksettaessa koodi n\u00e4kyy sovelluksessa, mutta tilisiirron yhteydess\u00e4 voit kysy\u00e4 koodia lajivastaavalta.<\/p>\n<p style=\"text-align: center;\">Radalla on saatavilla paineilmaa v\u00e4lineiden puhdistamista varten. Paineilmaletkua s\u00e4ilytet\u00e4\u00e4n ajajakorokkeella. Muista palauttaa letku ajajakorokkeelle ajon j\u00e4lkeen. Kompressorin saa p\u00e4\u00e4lle painamalla vihre\u00e4\u00e4 kytkint\u00e4 paineilmaventtiilin vierest\u00e4.<\/p>\n<p style=\"text-align: center;\">Avainlaatikko, paineilmalaitteisto sek\u00e4 s\u00e4hk\u00f6pistorasia sijaitsevat ratavarikon vasemmalla puolella varikkop\u00f6yd\u00e4n alla.<\/p>\n<p><img loading=\"lazy\" decoding=\"async\" class=\"size-full wp-image-1628 aligncenter\" src=\"https:\/\/www.turunua.net\/site\/wp-content\/uploads\/2025\/03\/pa_rata.png\" alt=\"\" width=\"254\" height=\"247\" \/><\/p>\n<p style=\"text-align: center;\"><strong><u>S\u00c4\u00c4NN\u00d6T:<\/u><\/strong><\/p>\n<p style=\"text-align: center;\">Radalla noudatetaan hyvi\u00e4 k\u00e4yt\u00f6stapoja.<\/p>\n<p style=\"text-align: center;\">Sateella tai radan pinnan ollessa m\u00e4rk\u00e4 ajaminen on kielletty. Pinta on liian m\u00e4rk\u00e4, jos keng\u00e4st\u00e4 j\u00e4\u00e4 radan pintaan j\u00e4lki.<\/p>\n<p style=\"text-align: center;\">Ratamaksun maksamatta j\u00e4tt\u00e4minen johtaa sakkomaksuun (100 \u20ac) ja radan k\u00e4ytt\u00f6kieltoon.<\/p>\n<p style=\"text-align: center;\">P\u00e4ihteiden k\u00e4ytt\u00f6 on kielletty.<\/p>\n<p style=\"text-align: center;\"><strong><u>Turun kaupungin Boostii-ohjelma:<\/u><\/strong><\/p>\n<p style=\"text-align: center;\">Kuulumme Turun kaupungin nuorille suunnattuun Boostii-ohjelmaan, jota kautta nuoret (7-19-v) turkulaiset harrastajat voivat k\u00e4ytt\u00e4\u00e4 kaupungilta saamaansa harrasterahaa kausimaksujen kattamiseen. Ole yhteydess\u00e4 pienoisautoilun lajivastaavaan, mik\u00e4li haluat maksaa kausimaksun harrasterahalla. Lis\u00e4tietoa etuun liittyvist\u00e4 asioista l\u00f6yd\u00e4t t\u00e4\u00e4lt\u00e4:\u00a0<a href=\"https:\/\/www.turku.fi\/boostii\">https:\/\/www.turku.fi\/boostii<\/a><\/p>\n<p style=\"text-align: center;\"><strong><u>Ratakamera:<\/u><\/strong><\/p>\n<p style=\"text-align: center;\">\n\t\t<div class=\"react-webcam\"\n\t\t\tdata-ajax-url=\"https:\/\/www.turunua.net\/site\/wp-admin\/admin-ajax.php\"\n\t\t\tdata-images-root-url=\"https:\/\/www.turunua.net\/site\/wp-content\/uploads\/webcam\/\"\n\t\t\tdata-subdir=\"\"\n\t\t\tdata-initial-image-filename=\"track.jpg\"\n\t\t\tdata-refresh-interval=\"60\">\n\t\t\t<img decoding=\"async\" src=\"https:\/\/www.turunua.net\/site\/wp-content\/uploads\/webcam\/track.jpg\" \/>\n\t\t<\/div><\/p>\n<p style=\"text-align: center;\">Mik\u00e4li sinulla her\u00e4si kysytt\u00e4v\u00e4\u00e4, voit olla yhteydess\u00e4 TUA:n pienoisautoilun lajivastaavaan (Janne Luotonen) soittamalla tai s\u00e4hk\u00f6postin\u00a0<a href=\"mailto:tua.pienoisautoilu@gmail.com\">tua.pienoisautoilu@gmail.com<\/a>\u00a0kautta.<\/p>\n<p style=\"text-align: center;\">Mukavia ajohetki\u00e4 kaikille!<\/p>\n<p><iframe loading=\"lazy\" style=\"border: 0;\" src=\"https:\/\/www.google.com\/maps\/embed?pb=!1m18!1m12!1m3!1d1967.0857697676354!2d22.193624077187224!3d60.46030697518167!2m3!1f0!2f0!3f0!3m2!1i1024!2i768!4f13.1!3m3!1m2!1s0x468c762df6739479%3A0x142d7ab1dc51651f!2sTurun%20Urheiluautoilijoiden%20pienoisautorata!5e0!3m2!1sfi!2sfi!4v1735842726355!5m2!1sfi!2sfi\" width=\"600\" height=\"450\" allowfullscreen=\"allowfullscreen\"><\/iframe><\/p>\n","protected":false},"excerpt":{"rendered":"<p>Turun Urheiluautoilijoiden Pienoisautoilurata Turun Urheiluautoilijoilla on oma pienoisautoilurata, joka sijaitsee Turussa Jyrkk\u00e4l\u00e4ss\u00e4 osoitteessa Nuorisotalonkuja 1. Rata on suunniteltu ensisijaisesti 1\/8-kokoluokan autoille, mutta my\u00f6s 1\/10-kokoluokan autot ovat tervetulleita. Ratavarikolla on paineilmalaitteisto sek\u00e4 akkujen lataamiseen tarvittava s\u00e4hk\u00f6j\u00e4rjestelm\u00e4. Oma varikkop\u00f6yt\u00e4 kannattaa ottaa varuiksi &hellip; <a href=\"https:\/\/www.turunua.net\/site\/pienoisautoilu\/\">Lue loppuun <span class=\"meta-nav\">&rarr;<\/span><\/a><\/p>\n","protected":false},"author":4,"featured_media":0,"parent":0,"menu_order":0,"comment_status":"closed","ping_status":"closed","template":"","meta":{"footnotes":""},"class_list":["post-147","page","type-page","status-publish","hentry"],"yoast_head":"<!-- This site is optimized with the Yoast SEO plugin v27.3 - https:\/\/yoast.com\/product\/yoast-seo-wordpress\/ -->\n<title>Pienoisautoilu - Turun Urheiluautoilijat ry<\/title>\n<meta name=\"robots\" content=\"index, follow, max-snippet:-1, max-image-preview:large, max-video-preview:-1\" \/>\n<link rel=\"canonical\" href=\"https:\/\/www.turunua.net\/site\/pienoisautoilu\/\" \/>\n<meta property=\"og:locale\" content=\"fi_FI\" \/>\n<meta property=\"og:type\" content=\"article\" \/>\n<meta property=\"og:title\" content=\"Pienoisautoilu - Turun Urheiluautoilijat ry\" \/>\n<meta property=\"og:description\" content=\"Turun Urheiluautoilijoiden Pienoisautoilurata Turun Urheiluautoilijoilla on oma pienoisautoilurata, joka sijaitsee Turussa Jyrkk\u00e4l\u00e4ss\u00e4 osoitteessa Nuorisotalonkuja 1. Rata on suunniteltu ensisijaisesti 1\/8-kokoluokan autoille, mutta my\u00f6s 1\/10-kokoluokan autot ovat tervetulleita. Ratavarikolla on paineilmalaitteisto sek\u00e4 akkujen lataamiseen tarvittava s\u00e4hk\u00f6j\u00e4rjestelm\u00e4. Oma varikkop\u00f6yt\u00e4 kannattaa ottaa varuiksi &hellip; Lue loppuun &rarr;\" \/>\n<meta property=\"og:url\" content=\"https:\/\/www.turunua.net\/site\/pienoisautoilu\/\" \/>\n<meta property=\"og:site_name\" content=\"Turun Urheiluautoilijat ry\" \/>\n<meta property=\"article:modified_time\" content=\"2025-03-25T14:36:28+00:00\" \/>\n<meta property=\"og:image\" content=\"https:\/\/www.turunua.net\/site\/wp-content\/uploads\/2025\/03\/rata_jyrkkala.jpg\" \/>\n\t<meta property=\"og:image:width\" content=\"1473\" \/>\n\t<meta property=\"og:image:height\" content=\"671\" \/>\n\t<meta property=\"og:image:type\" content=\"image\/jpeg\" \/>\n<meta name=\"twitter:card\" content=\"summary_large_image\" \/>\n<meta name=\"twitter:label1\" content=\"Arvioitu lukuaika\" \/>\n\t<meta name=\"twitter:data1\" content=\"3 minuuttia\" \/>\n<script type=\"application\/ld+json\" class=\"yoast-schema-graph\">{\"@context\":\"https:\\\/\\\/schema.org\",\"@graph\":[{\"@type\":\"WebPage\",\"@id\":\"https:\\\/\\\/www.turunua.net\\\/site\\\/pienoisautoilu\\\/\",\"url\":\"https:\\\/\\\/www.turunua.net\\\/site\\\/pienoisautoilu\\\/\",\"name\":\"Pienoisautoilu - Turun Urheiluautoilijat ry\",\"isPartOf\":{\"@id\":\"https:\\\/\\\/www.turunua.net\\\/site\\\/#website\"},\"primaryImageOfPage\":{\"@id\":\"https:\\\/\\\/www.turunua.net\\\/site\\\/pienoisautoilu\\\/#primaryimage\"},\"image\":{\"@id\":\"https:\\\/\\\/www.turunua.net\\\/site\\\/pienoisautoilu\\\/#primaryimage\"},\"thumbnailUrl\":\"https:\\\/\\\/www.turunua.net\\\/site\\\/wp-content\\\/uploads\\\/2025\\\/03\\\/rata_jyrkkala.jpg\",\"datePublished\":\"2020-12-09T09:58:48+00:00\",\"dateModified\":\"2025-03-25T14:36:28+00:00\",\"breadcrumb\":{\"@id\":\"https:\\\/\\\/www.turunua.net\\\/site\\\/pienoisautoilu\\\/#breadcrumb\"},\"inLanguage\":\"fi\",\"potentialAction\":[{\"@type\":\"ReadAction\",\"target\":[\"https:\\\/\\\/www.turunua.net\\\/site\\\/pienoisautoilu\\\/\"]}]},{\"@type\":\"ImageObject\",\"inLanguage\":\"fi\",\"@id\":\"https:\\\/\\\/www.turunua.net\\\/site\\\/pienoisautoilu\\\/#primaryimage\",\"url\":\"https:\\\/\\\/www.turunua.net\\\/site\\\/wp-content\\\/uploads\\\/2025\\\/03\\\/rata_jyrkkala.jpg\",\"contentUrl\":\"https:\\\/\\\/www.turunua.net\\\/site\\\/wp-content\\\/uploads\\\/2025\\\/03\\\/rata_jyrkkala.jpg\",\"width\":1473,\"height\":671},{\"@type\":\"BreadcrumbList\",\"@id\":\"https:\\\/\\\/www.turunua.net\\\/site\\\/pienoisautoilu\\\/#breadcrumb\",\"itemListElement\":[{\"@type\":\"ListItem\",\"position\":1,\"name\":\"Etusivu\",\"item\":\"https:\\\/\\\/www.turunua.net\\\/site\\\/\"},{\"@type\":\"ListItem\",\"position\":2,\"name\":\"Pienoisautoilu\"}]},{\"@type\":\"WebSite\",\"@id\":\"https:\\\/\\\/www.turunua.net\\\/site\\\/#website\",\"url\":\"https:\\\/\\\/www.turunua.net\\\/site\\\/\",\"name\":\"Turun Urheiluautoilijat ry\",\"description\":\"\",\"potentialAction\":[{\"@type\":\"SearchAction\",\"target\":{\"@type\":\"EntryPoint\",\"urlTemplate\":\"https:\\\/\\\/www.turunua.net\\\/site\\\/?s={search_term_string}\"},\"query-input\":{\"@type\":\"PropertyValueSpecification\",\"valueRequired\":true,\"valueName\":\"search_term_string\"}}],\"inLanguage\":\"fi\"}]}<\/script>\n<!-- \/ Yoast SEO plugin. -->","yoast_head_json":{"title":"Pienoisautoilu - Turun Urheiluautoilijat ry","robots":{"index":"index","follow":"follow","max-snippet":"max-snippet:-1","max-image-preview":"max-image-preview:large","max-video-preview":"max-video-preview:-1"},"canonical":"https:\/\/www.turunua.net\/site\/pienoisautoilu\/","og_locale":"fi_FI","og_type":"article","og_title":"Pienoisautoilu - Turun Urheiluautoilijat ry","og_description":"Turun Urheiluautoilijoiden Pienoisautoilurata Turun Urheiluautoilijoilla on oma pienoisautoilurata, joka sijaitsee Turussa Jyrkk\u00e4l\u00e4ss\u00e4 osoitteessa Nuorisotalonkuja 1. Rata on suunniteltu ensisijaisesti 1\/8-kokoluokan autoille, mutta my\u00f6s 1\/10-kokoluokan autot ovat tervetulleita. Ratavarikolla on paineilmalaitteisto sek\u00e4 akkujen lataamiseen tarvittava s\u00e4hk\u00f6j\u00e4rjestelm\u00e4. Oma varikkop\u00f6yt\u00e4 kannattaa ottaa varuiksi &hellip; Lue loppuun &rarr;","og_url":"https:\/\/www.turunua.net\/site\/pienoisautoilu\/","og_site_name":"Turun Urheiluautoilijat ry","article_modified_time":"2025-03-25T14:36:28+00:00","og_image":[{"width":1473,"height":671,"url":"https:\/\/www.turunua.net\/site\/wp-content\/uploads\/2025\/03\/rata_jyrkkala.jpg","type":"image\/jpeg"}],"twitter_card":"summary_large_image","twitter_misc":{"Arvioitu lukuaika":"3 minuuttia"},"schema":{"@context":"https:\/\/schema.org","@graph":[{"@type":"WebPage","@id":"https:\/\/www.turunua.net\/site\/pienoisautoilu\/","url":"https:\/\/www.turunua.net\/site\/pienoisautoilu\/","name":"Pienoisautoilu - Turun Urheiluautoilijat ry","isPartOf":{"@id":"https:\/\/www.turunua.net\/site\/#website"},"primaryImageOfPage":{"@id":"https:\/\/www.turunua.net\/site\/pienoisautoilu\/#primaryimage"},"image":{"@id":"https:\/\/www.turunua.net\/site\/pienoisautoilu\/#primaryimage"},"thumbnailUrl":"https:\/\/www.turunua.net\/site\/wp-content\/uploads\/2025\/03\/rata_jyrkkala.jpg","datePublished":"2020-12-09T09:58:48+00:00","dateModified":"2025-03-25T14:36:28+00:00","breadcrumb":{"@id":"https:\/\/www.turunua.net\/site\/pienoisautoilu\/#breadcrumb"},"inLanguage":"fi","potentialAction":[{"@type":"ReadAction","target":["https:\/\/www.turunua.net\/site\/pienoisautoilu\/"]}]},{"@type":"ImageObject","inLanguage":"fi","@id":"https:\/\/www.turunua.net\/site\/pienoisautoilu\/#primaryimage","url":"https:\/\/www.turunua.net\/site\/wp-content\/uploads\/2025\/03\/rata_jyrkkala.jpg","contentUrl":"https:\/\/www.turunua.net\/site\/wp-content\/uploads\/2025\/03\/rata_jyrkkala.jpg","width":1473,"height":671},{"@type":"BreadcrumbList","@id":"https:\/\/www.turunua.net\/site\/pienoisautoilu\/#breadcrumb","itemListElement":[{"@type":"ListItem","position":1,"name":"Etusivu","item":"https:\/\/www.turunua.net\/site\/"},{"@type":"ListItem","position":2,"name":"Pienoisautoilu"}]},{"@type":"WebSite","@id":"https:\/\/www.turunua.net\/site\/#website","url":"https:\/\/www.turunua.net\/site\/","name":"Turun Urheiluautoilijat ry","description":"","potentialAction":[{"@type":"SearchAction","target":{"@type":"EntryPoint","urlTemplate":"https:\/\/www.turunua.net\/site\/?s={search_term_string}"},"query-input":{"@type":"PropertyValueSpecification","valueRequired":true,"valueName":"search_term_string"}}],"inLanguage":"fi"}]}},"_links":{"self":[{"href":"https:\/\/www.turunua.net\/site\/wp-json\/wp\/v2\/pages\/147","targetHints":{"allow":["GET"]}}],"collection":[{"href":"https:\/\/www.turunua.net\/site\/wp-json\/wp\/v2\/pages"}],"about":[{"href":"https:\/\/www.turunua.net\/site\/wp-json\/wp\/v2\/types\/page"}],"author":[{"embeddable":true,"href":"https:\/\/www.turunua.net\/site\/wp-json\/wp\/v2\/users\/4"}],"replies":[{"embeddable":true,"href":"https:\/\/www.turunua.net\/site\/wp-json\/wp\/v2\/comments?post=147"}],"version-history":[{"count":6,"href":"https:\/\/www.turunua.net\/site\/wp-json\/wp\/v2\/pages\/147\/revisions"}],"predecessor-version":[{"id":1630,"href":"https:\/\/www.turunua.net\/site\/wp-json\/wp\/v2\/pages\/147\/revisions\/1630"}],"wp:attachment":[{"href":"https:\/\/www.turunua.net\/site\/wp-json\/wp\/v2\/media?parent=147"}],"curies":[{"name":"wp","href":"https:\/\/api.w.org\/{rel}","templated":true}]}}