{"id":420,"date":"2021-12-09T12:05:06","date_gmt":"2021-12-09T10:05:06","guid":{"rendered":"http:\/\/www.turunua.net\/site\/?page_id=420"},"modified":"2023-07-02T23:42:08","modified_gmt":"2023-07-02T20:42:08","slug":"aura-rallivalmennus","status":"publish","type":"page","link":"https:\/\/www.turunua.net\/site\/aura-rallivalmennus\/","title":{"rendered":"Aura-rallivalmennus"},"content":{"rendered":"<h1>AURA &#8211; RALLIVALMENNUS<\/h1>\n<p><img loading=\"lazy\" decoding=\"async\" class=\"alignnone wp-image-424 size-full\" src=\"https:\/\/www.turunua.net\/site\/wp-content\/uploads\/2021\/12\/Valmennus_kuva.jpg\" alt=\"\" width=\"2500\" height=\"1313\" srcset=\"https:\/\/www.turunua.net\/site\/wp-content\/uploads\/2021\/12\/Valmennus_kuva.jpg 2500w, https:\/\/www.turunua.net\/site\/wp-content\/uploads\/2021\/12\/Valmennus_kuva-300x158.jpg 300w, https:\/\/www.turunua.net\/site\/wp-content\/uploads\/2021\/12\/Valmennus_kuva-1024x538.jpg 1024w, https:\/\/www.turunua.net\/site\/wp-content\/uploads\/2021\/12\/Valmennus_kuva-768x403.jpg 768w, https:\/\/www.turunua.net\/site\/wp-content\/uploads\/2021\/12\/Valmennus_kuva-1536x807.jpg 1536w, https:\/\/www.turunua.net\/site\/wp-content\/uploads\/2021\/12\/Valmennus_kuva-2048x1076.jpg 2048w, https:\/\/www.turunua.net\/site\/wp-content\/uploads\/2021\/12\/Valmennus_kuva-500x263.jpg 500w\" sizes=\"auto, (max-width: 2500px) 100vw, 2500px\" \/><\/p>\n<p><strong>AURA Rallivalmennuksen vuosi 2022<\/strong><\/p>\n<p>AURA Rallivalmennuksen tavoitteena on tarjota kokonaisvaltaisesti ohjattua valmennustoimintaa sek\u00e4 ajoharjoittelua nuorille, lupaaville ralliautoilijoille. Haluamme my\u00f6s parantaa alueella toimivien seurojen ja tiimien yhteisty\u00f6t\u00e4 sek\u00e4 l\u00f6yt\u00e4\u00e4 l\u00e4nsirannikon alueen lupaavat rallikuljettajat. Valmennukseen kuuluu 2-4krt\/ vuodessa ajoharjoittelua sek\u00e4 kuukausittaiset teoriatapaamiset.<\/p>\n<p>Valmennusryhm\u00e4ss\u00e4 on seuraavat urheilijat:<br \/>\n\u2013 Veikka Koskinen<br \/>\n\u2013 Miko Suvanto<br \/>\n\u2013 Jere Kaakinen<br \/>\n\u2013 Juulius Siikakoski<br \/>\n\u2013 Verneri Aallontie<\/p>\n<p>Mik\u00e4li olet kiinnostunut toiminnastamme, kerromme mielell\u00e4mme lis\u00e4\u00e4.Valmennusryhm\u00e4\u00e4n on mahdollista hakea my\u00f6s mukaan kesken kauden.<\/p>\n<p>Lis\u00e4tiedot vastuuvalmentajilta:<br \/>\nLaura Suvanto, p. 0405780265<br \/>\nTero N\u00e4ttiaho, p. 0400714292<br \/>\nJuha-Pekka Wikman, p. 0407165354<\/p>\n<p>&nbsp;<\/p>\n<p>&nbsp;<\/p>\n","protected":false},"excerpt":{"rendered":"<p>AURA &#8211; RALLIVALMENNUS AURA Rallivalmennuksen vuosi 2022 AURA Rallivalmennuksen tavoitteena on tarjota kokonaisvaltaisesti ohjattua valmennustoimintaa sek\u00e4 ajoharjoittelua nuorille, lupaaville ralliautoilijoille. Haluamme my\u00f6s parantaa alueella toimivien seurojen ja tiimien yhteisty\u00f6t\u00e4 sek\u00e4 l\u00f6yt\u00e4\u00e4 l\u00e4nsirannikon alueen lupaavat rallikuljettajat. Valmennukseen kuuluu 2-4krt\/ vuodessa ajoharjoittelua &hellip; <a href=\"https:\/\/www.turunua.net\/site\/aura-rallivalmennus\/\">Lue loppuun <span class=\"meta-nav\">&rarr;<\/span><\/a><\/p>\n","protected":false},"author":4,"featured_media":0,"parent":0,"menu_order":0,"comment_status":"closed","ping_status":"closed","template":"","meta":{"footnotes":""},"class_list":["post-420","page","type-page","status-publish","hentry"],"yoast_head":"<!-- This site is optimized with the Yoast SEO plugin v27.3 - https:\/\/yoast.com\/product\/yoast-seo-wordpress\/ -->\n<title>Aura-rallivalmennus - Turun Urheiluautoilijat ry<\/title>\n<meta name=\"robots\" content=\"index, follow, max-snippet:-1, max-image-preview:large, max-video-preview:-1\" \/>\n<link rel=\"canonical\" href=\"https:\/\/www.turunua.net\/site\/aura-rallivalmennus\/\" \/>\n<meta property=\"og:locale\" content=\"fi_FI\" \/>\n<meta property=\"og:type\" content=\"article\" \/>\n<meta property=\"og:title\" content=\"Aura-rallivalmennus - Turun Urheiluautoilijat ry\" \/>\n<meta property=\"og:description\" content=\"AURA &#8211; RALLIVALMENNUS AURA Rallivalmennuksen vuosi 2022 AURA Rallivalmennuksen tavoitteena on tarjota kokonaisvaltaisesti ohjattua valmennustoimintaa sek\u00e4 ajoharjoittelua nuorille, lupaaville ralliautoilijoille. Haluamme my\u00f6s parantaa alueella toimivien seurojen ja tiimien yhteisty\u00f6t\u00e4 sek\u00e4 l\u00f6yt\u00e4\u00e4 l\u00e4nsirannikon alueen lupaavat rallikuljettajat. Valmennukseen kuuluu 2-4krt\/ vuodessa ajoharjoittelua &hellip; Lue loppuun &rarr;\" \/>\n<meta property=\"og:url\" content=\"https:\/\/www.turunua.net\/site\/aura-rallivalmennus\/\" \/>\n<meta property=\"og:site_name\" content=\"Turun Urheiluautoilijat ry\" \/>\n<meta property=\"article:modified_time\" content=\"2023-07-02T20:42:08+00:00\" \/>\n<meta property=\"og:image\" content=\"http:\/\/www.turunua.net\/site\/wp-content\/uploads\/2021\/12\/Valmennus_kuva.jpg\" \/>\n<meta name=\"twitter:card\" content=\"summary_large_image\" \/>\n<meta name=\"twitter:label1\" content=\"Arvioitu lukuaika\" \/>\n\t<meta name=\"twitter:data1\" content=\"1 minuutti\" \/>\n<script type=\"application\/ld+json\" class=\"yoast-schema-graph\">{\"@context\":\"https:\\\/\\\/schema.org\",\"@graph\":[{\"@type\":\"WebPage\",\"@id\":\"https:\\\/\\\/www.turunua.net\\\/site\\\/aura-rallivalmennus\\\/\",\"url\":\"https:\\\/\\\/www.turunua.net\\\/site\\\/aura-rallivalmennus\\\/\",\"name\":\"Aura-rallivalmennus - Turun Urheiluautoilijat ry\",\"isPartOf\":{\"@id\":\"https:\\\/\\\/www.turunua.net\\\/site\\\/#website\"},\"primaryImageOfPage\":{\"@id\":\"https:\\\/\\\/www.turunua.net\\\/site\\\/aura-rallivalmennus\\\/#primaryimage\"},\"image\":{\"@id\":\"https:\\\/\\\/www.turunua.net\\\/site\\\/aura-rallivalmennus\\\/#primaryimage\"},\"thumbnailUrl\":\"http:\\\/\\\/www.turunua.net\\\/site\\\/wp-content\\\/uploads\\\/2021\\\/12\\\/Valmennus_kuva.jpg\",\"datePublished\":\"2021-12-09T10:05:06+00:00\",\"dateModified\":\"2023-07-02T20:42:08+00:00\",\"breadcrumb\":{\"@id\":\"https:\\\/\\\/www.turunua.net\\\/site\\\/aura-rallivalmennus\\\/#breadcrumb\"},\"inLanguage\":\"fi\",\"potentialAction\":[{\"@type\":\"ReadAction\",\"target\":[\"https:\\\/\\\/www.turunua.net\\\/site\\\/aura-rallivalmennus\\\/\"]}]},{\"@type\":\"ImageObject\",\"inLanguage\":\"fi\",\"@id\":\"https:\\\/\\\/www.turunua.net\\\/site\\\/aura-rallivalmennus\\\/#primaryimage\",\"url\":\"https:\\\/\\\/www.turunua.net\\\/site\\\/wp-content\\\/uploads\\\/2021\\\/12\\\/Valmennus_kuva.jpg\",\"contentUrl\":\"https:\\\/\\\/www.turunua.net\\\/site\\\/wp-content\\\/uploads\\\/2021\\\/12\\\/Valmennus_kuva.jpg\",\"width\":2500,\"height\":1313},{\"@type\":\"BreadcrumbList\",\"@id\":\"https:\\\/\\\/www.turunua.net\\\/site\\\/aura-rallivalmennus\\\/#breadcrumb\",\"itemListElement\":[{\"@type\":\"ListItem\",\"position\":1,\"name\":\"Etusivu\",\"item\":\"https:\\\/\\\/www.turunua.net\\\/site\\\/\"},{\"@type\":\"ListItem\",\"position\":2,\"name\":\"Aura-rallivalmennus\"}]},{\"@type\":\"WebSite\",\"@id\":\"https:\\\/\\\/www.turunua.net\\\/site\\\/#website\",\"url\":\"https:\\\/\\\/www.turunua.net\\\/site\\\/\",\"name\":\"Turun Urheiluautoilijat ry\",\"description\":\"\",\"potentialAction\":[{\"@type\":\"SearchAction\",\"target\":{\"@type\":\"EntryPoint\",\"urlTemplate\":\"https:\\\/\\\/www.turunua.net\\\/site\\\/?s={search_term_string}\"},\"query-input\":{\"@type\":\"PropertyValueSpecification\",\"valueRequired\":true,\"valueName\":\"search_term_string\"}}],\"inLanguage\":\"fi\"}]}<\/script>\n<!-- \/ Yoast SEO plugin. -->","yoast_head_json":{"title":"Aura-rallivalmennus - Turun Urheiluautoilijat ry","robots":{"index":"index","follow":"follow","max-snippet":"max-snippet:-1","max-image-preview":"max-image-preview:large","max-video-preview":"max-video-preview:-1"},"canonical":"https:\/\/www.turunua.net\/site\/aura-rallivalmennus\/","og_locale":"fi_FI","og_type":"article","og_title":"Aura-rallivalmennus - Turun Urheiluautoilijat ry","og_description":"AURA &#8211; RALLIVALMENNUS AURA Rallivalmennuksen vuosi 2022 AURA Rallivalmennuksen tavoitteena on tarjota kokonaisvaltaisesti ohjattua valmennustoimintaa sek\u00e4 ajoharjoittelua nuorille, lupaaville ralliautoilijoille. Haluamme my\u00f6s parantaa alueella toimivien seurojen ja tiimien yhteisty\u00f6t\u00e4 sek\u00e4 l\u00f6yt\u00e4\u00e4 l\u00e4nsirannikon alueen lupaavat rallikuljettajat. Valmennukseen kuuluu 2-4krt\/ vuodessa ajoharjoittelua &hellip; Lue loppuun &rarr;","og_url":"https:\/\/www.turunua.net\/site\/aura-rallivalmennus\/","og_site_name":"Turun Urheiluautoilijat ry","article_modified_time":"2023-07-02T20:42:08+00:00","og_image":[{"url":"http:\/\/www.turunua.net\/site\/wp-content\/uploads\/2021\/12\/Valmennus_kuva.jpg","type":"","width":"","height":""}],"twitter_card":"summary_large_image","twitter_misc":{"Arvioitu lukuaika":"1 minuutti"},"schema":{"@context":"https:\/\/schema.org","@graph":[{"@type":"WebPage","@id":"https:\/\/www.turunua.net\/site\/aura-rallivalmennus\/","url":"https:\/\/www.turunua.net\/site\/aura-rallivalmennus\/","name":"Aura-rallivalmennus - Turun Urheiluautoilijat ry","isPartOf":{"@id":"https:\/\/www.turunua.net\/site\/#website"},"primaryImageOfPage":{"@id":"https:\/\/www.turunua.net\/site\/aura-rallivalmennus\/#primaryimage"},"image":{"@id":"https:\/\/www.turunua.net\/site\/aura-rallivalmennus\/#primaryimage"},"thumbnailUrl":"http:\/\/www.turunua.net\/site\/wp-content\/uploads\/2021\/12\/Valmennus_kuva.jpg","datePublished":"2021-12-09T10:05:06+00:00","dateModified":"2023-07-02T20:42:08+00:00","breadcrumb":{"@id":"https:\/\/www.turunua.net\/site\/aura-rallivalmennus\/#breadcrumb"},"inLanguage":"fi","potentialAction":[{"@type":"ReadAction","target":["https:\/\/www.turunua.net\/site\/aura-rallivalmennus\/"]}]},{"@type":"ImageObject","inLanguage":"fi","@id":"https:\/\/www.turunua.net\/site\/aura-rallivalmennus\/#primaryimage","url":"https:\/\/www.turunua.net\/site\/wp-content\/uploads\/2021\/12\/Valmennus_kuva.jpg","contentUrl":"https:\/\/www.turunua.net\/site\/wp-content\/uploads\/2021\/12\/Valmennus_kuva.jpg","width":2500,"height":1313},{"@type":"BreadcrumbList","@id":"https:\/\/www.turunua.net\/site\/aura-rallivalmennus\/#breadcrumb","itemListElement":[{"@type":"ListItem","position":1,"name":"Etusivu","item":"https:\/\/www.turunua.net\/site\/"},{"@type":"ListItem","position":2,"name":"Aura-rallivalmennus"}]},{"@type":"WebSite","@id":"https:\/\/www.turunua.net\/site\/#website","url":"https:\/\/www.turunua.net\/site\/","name":"Turun Urheiluautoilijat ry","description":"","potentialAction":[{"@type":"SearchAction","target":{"@type":"EntryPoint","urlTemplate":"https:\/\/www.turunua.net\/site\/?s={search_term_string}"},"query-input":{"@type":"PropertyValueSpecification","valueRequired":true,"valueName":"search_term_string"}}],"inLanguage":"fi"}]}},"_links":{"self":[{"href":"https:\/\/www.turunua.net\/site\/wp-json\/wp\/v2\/pages\/420","targetHints":{"allow":["GET"]}}],"collection":[{"href":"https:\/\/www.turunua.net\/site\/wp-json\/wp\/v2\/pages"}],"about":[{"href":"https:\/\/www.turunua.net\/site\/wp-json\/wp\/v2\/types\/page"}],"author":[{"embeddable":true,"href":"https:\/\/www.turunua.net\/site\/wp-json\/wp\/v2\/users\/4"}],"replies":[{"embeddable":true,"href":"https:\/\/www.turunua.net\/site\/wp-json\/wp\/v2\/comments?post=420"}],"version-history":[{"count":15,"href":"https:\/\/www.turunua.net\/site\/wp-json\/wp\/v2\/pages\/420\/revisions"}],"predecessor-version":[{"id":919,"href":"https:\/\/www.turunua.net\/site\/wp-json\/wp\/v2\/pages\/420\/revisions\/919"}],"wp:attachment":[{"href":"https:\/\/www.turunua.net\/site\/wp-json\/wp\/v2\/media?parent=420"}],"curies":[{"name":"wp","href":"https:\/\/api.w.org\/{rel}","templated":true}]}}